when i is divided by q/9 + 28/126?
18
Suppose 3*c + 3*j - 154 = -85, j = 4*c - 102. What is the remainder when c is divided by 15?
10
Let v(u) = -u**3 + 2*u**2 - 32*u + 21. What is the remainder when v(-6) is divided by 24?
21
Let r = 113 - 70. Let w = 96 - r. Calculate the remainder when w is divided by 18.
17
Let b be 158/(-4)*-2*1. Suppose 5 = -g + b. What is the remainder when g is divided by 15?
14
Let b = 51 + -92. Suppose 3*a + 3*a = 678. Calculate the remainder when a is divided by 15/6 + b/(-2).
21
Suppose 200 = 48*o - 5032. Calculate the remainder when o is divided by 37.
35
Let r = 2319 + -1440. What is the remainder when r is divided by 55?
54
Let x = 30 + -54. Let h = -23 - x. What is the remainder when 2 is divided by h?
0
Suppose 0*b + 48 = -4*b. Let x(k) = -k**2 - 16*k + 12. Suppose -d + 46 = 5*j, 2*j - 80 = -5*d + 7*j. What is the remainder when x(b) is divided by d?
18
Let w be (1 - (-1128)/(-10)) + (-51)/255. Let i = w - -141. Let v = -8 + 16. What is the remainder when i is divided by v?
5
Suppose p + 8 = 13. Suppose 0 = i + p*i. Suppose i = 5*g - 42 - 23. Calculate the remainder when 88 is divided by g.
10
Let b be (-24)/16 + (-534)/(-4). Suppose -4*i + 3 = -9, 0 = -5*g + i + b. Calculate the remainder when 53 is divided by g.
26
Suppose 41 - 14 = 3*w + 5*q, 2*w - 31 = q. Let y(u) = -20*u - 156. What is the remainder when w is divided by y(-8)?
2
Let c be (3 + -3)*(2 + -1)/2. Suppose v = -5*o + 2, -v + 8 = -o - c. What is the remainder when v is divided by 2 - (-1)/2*2?
1
Suppose 0*p = -5*p + s + 13, 0 = 5*s + 15. Suppose 0 = -k - p*z + 8, -3*k + z = 7 - 17. Suppose -k = -2*g + 18. What is the remainder when 30 is divided by g?
8
Let c(d) = 5*d + 17. Suppose -20 = -4*j + 24. What is the remainder when j is divided by c(-2)?
4
Let r(c) = -29*c**3 - 14*c**2 - 8*c + 5. What is the remainder when 58 is divided by r(-1)?
2
Suppose -18*c = 3*c - 1344. Calculate the remainder when 250 is divided by c.
58
Let u be 4/(-6)*-1 - 15200/(-24). Suppose 0 = -8*r - 66 + u. What is the remainder when r is divided by 35 + (-4)/(-1) + -2?
34
Suppose 6*s - 171 = -51. Let h be (4/(-10))/((-2)/s). Let j = h + 12. Calculate the remainder when j is divided by 9.
7
Suppose 703 = 11*h - 496. What is the remainder when h is divided by 14?
11
Suppose 6 = -3*j, l + 67 = 2*l + 3*j. Let w = -10 + l. Let v(r) = -5*r**3 - 5*r**2 - 5*r + 2. What is the remainder when w is divided by v(-2)?
31
Suppose -311 - 189 = 5*u. Let x = 152 + u. Suppose x = 2*h + 2*a, 3*a + 9 = -5*h + 143. Calculate the remainder when h is divided by 15.
13
What is the remainder when 58 is divided by (-16)/(-12)*15/12*6?
8
Suppose 0 = c - 2*g + 5, -3*c - g = 37 - 15. Let k(l) = l**3 + 6*l**2 - 8*l - 5. Let t = 0 - -2. What is the remainder when k(c) is divided by t?
0
Let y be 20/3 - (64/24)/4. Suppose y*p - 10 = 62. What is the remainder when 34 is divided by p?
10
What is the remainder when 1518 is divided by (53 + -55)/(1/(-38))?
74
Suppose 4*d = -d - 135. Suppose -5*x + 435 = -0*x. What is the remainder when x is divided by 3*(-5)/(-5) - d?
27
Let t be ((-1)/3)/(3/27). Let a(q) = -4*q - 1. Suppose 0*w + 4*w = 164. What is the remainder when w is divided by a(t)?
8
Let t(s) = 4*s + 26. Let a be t(-9). What is the remainder when (-128)/a*(-55)/(-22) is divided by -1 + (19 - (-1 + 2))?
15
What is the remainder when 34 is divided by (-11)/(22/(-8)) - -9?
8
Let d(y) = 6*y - 6. What is the remainder when -4*(-2)/(-24) + 206/6 is divided by d(2)?
4
Let p(y) = 4*y + 2. Let q = 378 - 337. What is the remainder when q is divided by p(3)?
13
Let q = 0 - -2. Suppose 15*g + 72 = 27*g. Suppose -q*w + g = -w. What is the remainder when 22 is divided by w?
4
Let q(x) = x**3 + 31*x**2 - 82*x - 78. What is the remainder when q(-33) is divided by 91?
86
Suppose -2*t + 17 = -2*v + t, 4*v = 4*t - 32. Let d(z) = -10*z + 10. Let p be d(v). Let b = p + -49. What is the remainder when b is divided by 11?
9
Suppose n + 11*n - 3972 = 0. What is the remainder when n is divided by 25?
6
Let k = 9 - 9. Let g(o) = -o + 25. What is the remainder when 49 is divided by g(k)?
24
Let l(q) = -55*q - 66. Let s(o) = -28*o - 33. Let w(j) = 3*l(j) - 5*s(j). Calculate the remainder when w(-6) is divided by 17.
15
Calculate the remainder when ((-5)/(45/18))/((-2)/659) is divided by 44.
43
Let l(g) = 3*g + 33. Let v be l(-10). Suppose 5*o + q - 410 = 0, -5*o - 2*q + 390 = v*q. Calculate the remainder when o is divided by 22.
17
What is the remainder when ((-4)/(-8))/(-7*(-4)/1232) is divided by 20?
2
Let k be -3 + 271 + -4 + 3. Let x be 1/(k/(-135) + 2). Let m = -21 + x. Calculate the remainder when m is divided by 9.
6
Let p(r) = r**2 + 12*r - 5. What is the remainder when 28 is divided by p(-13)?
4
Suppose q - 4*d + 6 = 0, -5*q = -d - 30 - 35. What is the remainder when -26*(-4)/((-16)/(-6)) is divided by q?
11
What is the remainder when 7 + -1 + 175 + 4 is divided by 55?
20
Let n(w) be the first derivative of 9*w**2/2 - 4*w + 20. Calculate the remainder when 38 is divided by n(2).
10
Let x(m) = m**2 - 2. Let o be x(-2). Suppose 0*w = o*w - 10. Let l = -4411 - -4413. What is the remainder when w is divided by l?
1
Let p(h) = 11*h + 3. Let w be p(3). Suppose v + 3*v + w = 0. Let b = v - -20. What is the remainder when 21 is divided by b?
10
Suppose 3*m = -4*b + 25, -2*m + 2 = -2*b + 4. Suppose k - 23 = i, 84 = b*k + i - 3*i. What is the remainder when k is divided by 40/52 + (-2695)/(-637)?
4
Let u(x) be the second derivative of x**3/3 - 16*x**2 - 6*x. What is the remainder when 10 is divided by u(19)?
4
Let h(m) = -m**3 - 2*m**2 - 8*m + 26. What is the remainder when 92 is divided by h(0)?
14
Suppose 3*m - 25 = 29. Calculate the remainder when 524/9 + (-4)/m is divided by 15.
13
Let u = -14 - 7. Let s be -9 + 5 - u/3. Suppose s*j + 2*j + 15 = 0, -5*y + 128 = 4*j. Calculate the remainder when 81 is divided by y.
25
Let u = 1655 + -1477. Calculate the remainder when u is divided by 63.
52
Suppose 34*g = 7*g + 108. What is the remainder when 161 is divided by g?
1
Suppose -7*w = 1699 - 1972. Calculate the remainder when 1245 is divided by w.
36
Suppose 3*d + 0*d - 216 = 0. Let w = d - 23. Calculate the remainder when w is divided by 20 + -1 - (23 - 17).
10
What is the remainder when 368 is divided by (1/(-2))/((-942)/936 - -1)?
56
Suppose -6*z = -2*z - 36. Suppose 28 + 28 = 4*n - t, 2*t - 8 = 0. Calculate the remainder when n is divided by z.
6
Let b(v) = 10*v**2 - 5*v + 7. Let i(u) = u + 3. Let q be i(0). What is the remainder when b(q) is divided by 21?
19
Let k(j) = -j + 17. Let o be k(7). Suppose 2*w = 64 + o. Suppose -26 = -0*i - 2*i. Calculate the remainder when w is divided by i.
11
Let v = -1030 - -1088. Calculate the remainder when 64 is divided by v.
6
Let q(d) = d - 9. Let o be q(7). Let p(h) = -h - 1. Let u(w) = -4*w - 8. Let t(n) = o*u(n) + 10*p(n). Calculate the remainder when t(0) is divided by 4.
2
Suppose -202*b + 198*b + 248 = 0. What is the remainder when b is divided by 16?
14
Suppose -11*u - 39 = -303. Calculate the remainder when 119 is divided by u.
23
Suppose -3*z = -2*q - 9, -3*z - 5*q + 2*q + 24 = 0. Suppose -2*s + 4 = 0, -z*r + 51 - 15 = 3*s. What is the remainder when 11 is divided by r?
5
Let g(o) = o**3 + 6*o**2 + 13. Calculate the remainder when 78/4 + (-5)/10 + 2 is divided by g(-6).
8
Let g = 32 + -6. Let l = -105 + 139. Suppose -5*x = -j - 30, 2*x + 3*j = -j + l. What is the remainder when g is divided by x?
5
Let f(r) = -r + 70. Suppose 0 = 5*b + 14 - 4, 0 = -5*m - 3*b + 94. What is the remainder when f(13) is divided by m?
17
Let o(s) = 2*s**3 - 5*s**2 + 7*s - 3. Let r be o(3). Suppose -b + r = -3*a, -2*b - b = 5*a - 11. Calculate the remainder when 35 is divided by b.
11
Suppose -125 = 5*d + 100. Let l = -11 - d. Calculate the remainder when l is divided by 18.
16
Let w be (0 - -5) + -1 + 1. Suppose -35 = -2*o - w*m, m = -7*o + 4*o + 33. What is the remainder when (-184)/(-10) - 4/o is divided by 10?
8
Let p(x) = x**2 - 12*x + 6. Let h be p(12). Let v = -11 - -21. What is the remainder when 10 is divided by v/3 + (-2)/h?
1
What is the remainder when 1247 is divided by 2/(-23) + (-20)/46*-221?
95
Let t(m) = m**3 - 4*m**2 - 8*m - 10. Suppose -k - 7 - 5 = -2*z, -8 = k - z. Let i be (4 